= z - 1, -j + 37 = 3*j + 5*z. Let o(g) = 10*g + 1. Let r be o(j). Suppose 4*c + 4*m - r + 5 = 0, 2*c + 5*m = 32. Is c prime?
False
Suppose -4*w + 19552 = 4*o, -w - 10*o + 4891 = -12*o. Is w a prime number?
True
Suppose 0 = -16*v + 26*v - 1124140. Is v prime?
False
Let b(u) = u**3 + u**2 + 78. Suppose 3*y - m + 2 = m, 0 = -5*y + 2*m - 2. Let o be b(y). Suppose o + 69 = 3*s. Is s a prime number?
False
Let a(f) = -37*f**3 + f**2 + f + 4. Let l(t) = -73*t**3 + 3*t**2 + 2*t + 8. Let h(g) = 5*a(g) - 3*l(g). Let z be h(4). Is z/16 + (-2)/4 prime?
True
Let l = 3883 + -2130. Is l a composite number?
False
Let k be 12/12*0/(-2). Suppose k*q + 243 = 3*q. Suppose -20 = -5*z, -j + 0*j = -4*z - q. Is j a prime number?
True
Suppose 0 = 2*n + 8 + 6. Is 23448/15 + n/35 a composite number?
True
Suppose -y - 48 = -4*y. Suppose 0 = -2*a + 156 - y. Is ((-2)/(-4))/(5/a) a prime number?
True
Suppose 929 = 9*y - 2653. Let u = y - 175. Is u composite?
False
Suppose 192 = 4*q - 4*i, -4*q + i = 6*i - 147. Is q a prime number?
True
Let r = 35 + -29. Let j(v) = -1 + r - 2 + 146*v**2. Is j(-2) prime?
True
Suppose -4*j + 3 + 6 = -3*l, 3*j + 5*l + 15 = 0. Suppose j = -3*c + 4016 + 3271. Suppose -6*i = i - c. Is i a prime number?
True
Let f = -384 - -1216. Suppose -2*b + 559 = -287. Let n = f - b. Is n a composite number?
False
Suppose -48 = -s - 5*u + 34, 4*s - 379 = -3*u. Is s prime?
True
Let r = 2 - 4. Let s be 1 - (2 + r + -3). Suppose 6*q = s*q + 190. Is q a prime number?
False
Let f = 173 - -4. Let y = f - 80. Suppose 6*z + y = 7*z. Is z a composite number?
False
Let u(s) = s + 9. Let l be u(-8). Let y(q) = -188*q**2 - 2*q + 1. Let n be y(l). Let t = n + 406. Is t composite?
True
Let d be (3/6)/(1/6). Is -1*d - (0 + 4 + -338) prime?
True
Let o = -12 + 6. Is 1911/6 + 9/o a composite number?
False
Let o = 23 - 21. Suppose -2*i = a - 18, o*a = 4*i - 44 - 8. Is i a prime number?
True
Is 8/92 + 184653/161 a prime number?
False
Suppose 0 = 5*g + 4*c - 3171, -5*g + c + 2*c + 3143 = 0. Is g a composite number?
False
Is (-19)/((-76)/58776) - -5 a composite number?
False
Suppose 3*u + 65*o - 11579 = 64*o, 0 = -2*u + o + 7716. Is u composite?
True
Suppose 1163 = 2*x + 3*n, 5*n = -2*x + 1950 - 777. Suppose -364 = 5*h + 2*j - 1805, 2*h = -2*j + x. Is h a composite number?
True
Suppose 2*w - 2242 = -2*z, 2*z = 4*w + 2037 - 6533. Is w prime?
True
Let z = 51 + -51. Suppose -241 = -x - 4*a, z*a + 206 = x - 3*a. Is x composite?
True
Is 73318/28*(2 - -4) prime?
False
Suppose -2*x = -6*x + t + 2857, 2*x - 2*t = 1436. Is x a composite number?
True
Let q(k) = k**3 + 17*k**2 + k + 11. Let s(l) = 4*l - 4. Let y be s(-3). Is q(y) a prime number?
True
Let x be 6/(-1) + (2 - 0). Let h be (-13 + 12)*(x + 1). Suppose -3*c = 2*c - h*f - 104, 5*c + 3*f - 116 = 0. Is c a composite number?
True
Let l(a) = -3*a**3 + 101*a**2 + 40*a + 95. Is l(33) prime?
True
Suppose -2*f = 4*h - 0*h - 1196, 5*f = -4*h + 3002. Let d = -351 + f. Is d composite?
False
Let r(w) = 125*w + 16. Suppose 8*y + 10 = 10*y. Is r(y) a composite number?
False
Let a(b) = 113*b**2 - 40*b + 162. Is a(-23) prime?
True
Suppose 10961 = 5*r + 2*m - 31848, -4*r + 34261 = -3*m. Is r a prime number?
True
Let x(k) be the second derivative of -k**4/3 + 11*k**3/6 - 8*k**2 - 2*k. Let h(o) = 8*o**2 - 21*o + 31. Let s(p) = 3*h(p) + 5*x(p). Is s(-9) prime?
True
Suppose 0 = -c - 3*m - 2*m + 9597, 2*m = 5*c - 47931. Is c prime?
True
Is 3/(12/(-8)) - (-10419 - 0) prime?
False
Suppose 5*w - 3*g - 124035 = 0, 5*w - 124035 = -0*w - 5*g. Is w composite?
True
Let g = 1386 + -269. Is g composite?
False
Let s = -9 + 9. Let x(r) = r**2 - r + 3. Let b be x(s). Suppose -b*t = t + f - 636, -t = 4*f - 159. Is t prime?
False
Let f(w) = -505*w + 7. Let d be f(-6). Let k = d + -936. Is k composite?
True
Let s = -73 - -169. Let u = 1 + s. Is u a prime number?
True
Let r(s) = s - 16. Let o be r(19). Suppose 0 = -o*z - 2*z + 445. Is z composite?
False
Let s be 6/(-2) - (-13266)/6. Let h = -743 + s. Is h a composite number?
True
Suppose 5*m - 4*r + 440 = 0, 2*m + 445 = -3*m + 5*r. Let f be m/(-3)*-1*1. Let o = 137 + f. Is o prime?
True
Let s = 298 - -22. Suppose a - 338 = -i, -3*a - s = -2*i + 336. Let g = 476 - i. Is g composite?
True
Let x(s) = 2*s - 379*s**3 - 102*s**3 + 2*s**2 + 45*s**3 + 1. Suppose -3*w = -k - 4*k + 3, -k = -4*w - 4. Is x(w) a prime number?
False
Let q(z) = -z**3 - z**2 - 3*z + 6599. Is q(0) a composite number?
False
Let j = -62833 - -125826. Is j a composite number?
True
Let w(y) = -2*y**2 - 4*y - 2. Let q be w(-2). Let o be 4/2 - q/(-1). Suppose o = -s + 5*d + 1080 - 288, 5 = -5*d. Is s prime?
True
Is 577 - (9 + -3)*1 a composite number?
False
Let s = -8 - -28. Let v = 8 - s. Is (-953)/(-6) - 2/v prime?
False
Suppose 3*y = -11*y + 56. Is 2*6038*1/y a composite number?
False
Let j(h) = -229*h**2 - 9*h + 9. Let d(i) = 228*i**2 + 9*i - 10. Let k(l) = -2*d(l) - 3*j(l). Is k(5) a composite number?
False
Let j be ((-4)/3)/(2/15). Is 1*-5*3*194/j composite?
True
Let v(m) = 85*m**2 + 4*m + 4. Let h be v(-4). Let g = h + -2322. Let p = -653 - g. Is p a composite number?
True
Suppose a = -2*m + 1055, 3*m + 2*a - 1593 = 4*a. Suppose -d = 2*n - m, -2*d + 0*n = n - 1049. Is d a composite number?
False
Suppose -h = -3*h - 2*u + 4, 2*u = -3*h + 8. Let c(o) = 241*o - 9. Is c(h) a prime number?
False
Let k(y) be the second derivative of -y**5/20 - 4*y**4/3 - y**3 + y**2/2 - 14*y. Is k(-16) a composite number?
False
Suppose 0 = 12*o - 21377 + 1733. Is o composite?
False
Let z = 41574 - 3959. Is z prime?
False
Suppose 5*b + 3287 = 4*s, 5*b + 5*s + 1704 = -1601. Suppose 2*l + 704 = -232. Let f = l - b. Is f a prime number?
True
Let p(m) be the second derivative of 161*m**5/20 - m**4/6 - m**3/6 + m**2/2 + 26*m. Is p(2) a prime number?
True
Let y(d) be the third derivative of d**5/12 - d**4/8 - 17*d**3/6 - 15*d**2. Is y(5) prime?
False
Suppose -1 = -t, -10*c + 5*t = -5*c - 23510. Is c a composite number?
False
Let k(p) = -16*p + 16. Let x be k(-8). Suppose -g - 2*d - 135 = -4*g, x = 3*g + d. Is g a prime number?
True
Suppose -10*n = -14*n + 48. Let c = n + -9. Suppose -1162 = -c*z + 299. Is z composite?
False
Let r(x) = 277*x**2 - 3*x - 11. Is r(5) a composite number?
False
Suppose k + 1 = 6*k - h, 4 = -4*k - 4*h. Suppose -6*o + 3303 - 177 = k. Is o a prime number?
True
Suppose -x + 7 = -3*q + x, 4*x - 8 = 0. Let i(f) = 32*f**2 + 2*f + 1. Is i(q) prime?
True
Let y(c) = c**3 + 11*c**2 - 13*c - 10. Let k be -15 - -12 - (10 - 1). Let z be y(k). Suppose -96 = -3*r + 2*x + x, r - z*x = 33. Is r a composite number?
False
Let x be (-3)/(-3)*-2238 + -3. Let v be 4/(-16) + x/(-4). Suppose -5*d - 165 + v = 0. Is d a composite number?
False
Let l = -22 + 15. Let z(g) = -2*g**2 - 29*g + 7. Let s(m) = 3*m**2 + 43*m - 11. Let x(a) = l*z(a) - 5*s(a). Is x(-9) a prime number?
False
Let q(d) = d**3 - 6*d**2 + 9*d - 1. Let n be q(4). Suppose -2*u + 3*j - 2*j + 174 = 0, -239 = -n*u - 4*j. Is u a composite number?
True
Let l = -61 - -104. Suppose -4 = -j + l. Is j composite?
False
Let m = -4 + 7. Let y(o) = -6*o + o**3 - 6*o**2 + 0*o**m + 7 - 3*o + 15*o**2. Is y(-8) a composite number?
True
Suppose 0 = -2*z - 15*c + 11*c + 14564, 5*z = 4*c + 36354. Is z a prime number?
False
Suppose 42919 = 4*l - 3*n, 0 = 3*l - 25*n + 22*n - 32190. Is l a prime number?
True
Is 12/27 - (3 + 323890/(-45)) prime?
False
Let c = 12191 + 17756. Is c a composite number?
False
Let p be ((-4)/2)/((-1)/87). Let w = p - 75. Let r = 92 + w. Is r composite?
False
Let b = 11 - -1. Suppose 9*n - b*n = -3399. Is n a composite number?
True
Let t(n) = -16*n**3 - n**2 + 3*n - 4. Let j be t(-3). Let a = j + -202. Suppose a + 148 = 4*o. Is o a prime number?
True
Suppose 0 = 41*u - 40*u. Let v be 0 + (3 + 0 - u). Suppose -h = 3*p - 52, 2*p - 170 = -v*h - 0*p. Is h composite?
True
Suppose -t = 2*t - 3*o + 303, -3*o = -2*t - 207. Is 48/t + ((-3275)/2)/(-1) a composite number?
False
Let l(h) = 15*h - 7. Let a(w) = -5*w + 1. Let y be a(-2). Let b = 15 - y. Is l(b) a prime number?
True
Suppose -13102 = -3*w + a + 534, 2*w - a = 9089. Is w a prime number?
True
Let p(x) = x**2 - 2*x - 5. Let g be p(0). Let c(y) = -72*y + 13. Is c(g) a composite number?
False
Is (7 - -4) + 15238 - -4 a composite number?
True
Suppose -19570 - 33655